e the greatest common divisor of 6 and 246.
6
Calculate the greatest common factor of 1008 and 560.
112
Calculate the greatest common factor of 236 and 295.
59
Calculate the greatest common divisor of 112 and 608.
16
What is the greatest common divisor of 8 and 1096?
8
Calculate the highest common divisor of 8 and 3084.
4
Calculate the highest common divisor of 9494 and 376.
94
What is the greatest common factor of 50 and 850?
50
Calculate the highest common divisor of 398 and 4.
2
What is the greatest common factor of 9 and 46377?
9
What is the greatest common factor of 8 and 18184?
8
What is the highest common divisor of 90 and 1990?
10
What is the highest common factor of 884 and 68?
68
Calculate the highest common divisor of 6723 and 243.
81
Calculate the highest common divisor of 11798 and 34.
34
What is the greatest common divisor of 1925 and 308?
77
What is the greatest common factor of 2751 and 168?
21
Calculate the highest common factor of 59 and 944.
59
Calculate the greatest common factor of 1550 and 124.
62
Calculate the greatest common divisor of 119 and 17.
17
Calculate the highest common divisor of 7 and 9.
1
Calculate the highest common factor of 6 and 870.
6
What is the greatest common divisor of 117 and 18?
9
What is the greatest common factor of 192 and 48?
48
What is the highest common factor of 759 and 132?
33
Calculate the greatest common factor of 6408 and 360.
72
Calculate the highest common divisor of 17885 and 490.
245
What is the highest common factor of 68 and 476?
68
Calculate the greatest common factor of 25 and 1625.
25
Calculate the greatest common divisor of 6625 and 53.
53
What is the greatest common factor of 75 and 3225?
75
Calculate the greatest common divisor of 938 and 182.
14
Calculate the highest common divisor of 44 and 128.
4
Calculate the greatest common factor of 597 and 11542.
199
What is the highest common divisor of 336 and 1260?
84
Calculate the greatest common divisor of 6570 and 450.
90
Calculate the highest common divisor of 100 and 1700.
100
What is the highest common factor of 174 and 300?
6
What is the greatest common divisor of 16 and 6472?
8
What is the highest common divisor of 6579 and 153?
153
Calculate the highest common factor of 729 and 108.
27
Calculate the highest common divisor of 1818 and 18.
18
Calculate the greatest common divisor of 1233 and 18.
9
What is the greatest common divisor of 27 and 171?
9
What is the greatest common divisor of 43 and 43?
43
Calculate the greatest common divisor of 9 and 72.
9
Calculate the highest common divisor of 22 and 44.
22
Calculate the highest common factor of 455 and 25.
5
Calculate the highest common factor of 34 and 1513.
17
Calculate the highest common factor of 19 and 2033.
19
Calculate the highest common factor of 93 and 5208.
93
Calculate the greatest common divisor of 81 and 27297.
81
Calculate the highest common divisor of 231 and 385.
77
Calculate the greatest common factor of 6574 and 76.
38
Calculate the greatest common factor of 235 and 47.
47
Calculate the greatest common factor of 27 and 24.
3
Calculate the greatest common factor of 243 and 18.
9
Calculate the greatest common divisor of 68 and 51.
17
What is the highest common divisor of 93 and 27?
3
What is the highest common divisor of 49 and 49?
49
Calculate the highest common factor of 82 and 41.
41
What is the highest common divisor of 14 and 3661?
7
What is the highest common divisor of 378 and 3276?
126
What is the greatest common factor of 308 and 22?
22
What is the greatest common divisor of 37845 and 90?
45
Calculate the highest common divisor of 97 and 22504.
97
What is the highest common factor of 20 and 45?
5
Calculate the highest common divisor of 8 and 174.
2
Calculate the greatest common divisor of 52 and 754.
26
Calculate the greatest common divisor of 396 and 54.
18
What is the greatest common factor of 243 and 25758?
243
What is the highest common factor of 26 and 2912?
26
Calculate the highest common divisor of 273 and 351.
39
Calculate the highest common divisor of 483 and 222.
3
What is the greatest common factor of 15 and 155?
5
Calculate the highest common divisor of 20114 and 178.
178
Calculate the highest common factor of 36 and 2688.
12
What is the greatest common factor of 17205 and 185?
185
What is the highest common divisor of 128 and 1488?
16
Calculate the highest common divisor of 915 and 75.
15
Calculate the greatest common divisor of 8 and 756.
4
What is the highest common factor of 82 and 1968?
82
Calculate the highest common factor of 843 and 21.
3
What is the highest common factor of 22 and 110?
22
Calculate the highest common divisor of 4 and 12086.
2
Calculate the greatest common divisor of 986 and 290.
58
What is the greatest common divisor of 383 and 1?
1
Calculate the highest common divisor of 210 and 504.
42
What is the greatest common factor of 1958 and 132?
22
What is the greatest common divisor of 585 and 91?
13
Calculate the highest common divisor of 33 and 187.
11
Calculate the greatest common factor of 38410 and 23.
23
Calculate the greatest common factor of 9 and 9.
9
Calculate the greatest common factor of 2839 and 167.
167
What is the highest common factor of 24 and 408?
24
Calculate the highest common factor of 7790 and 95.
95
Calculate the highest common factor of 70 and 105.
35
Calculate the highest common factor of 456 and 48.
24
Calculate the highest common factor of 98 and 112.
14
What is the highest common divisor of 6 and 45?
3
What is the highest common factor of 52 and 4758?
26
What is the greatest common divisor of 162 and 1188?
54
What is the highest common factor of 4860 and 54?
54
Calculate the greatest common divisor of 15 and 240.
15
What is the greatest common factor of 6 and 138?
6
Calculate the greatest common divisor of 320 and 112.
16
Calculate the highest common divisor of 129 and 2064.
129
Calculate the highest common factor of 403 and 2387.
31
Calculate the greatest common factor of 270 and 315.
45
What is the greatest common factor of 35741 and 1041?
347
What is the highest common factor of 765 and 1005?
15
What is the greatest common divisor of 648 and 3726?
162
Calculate the greatest common divisor of 145 and 245.
5
Calculate the highest common factor of 473 and 215.
43
What is the highest common factor of 85 and 3625?
5
What is the highest common divisor of 1944 and 189?
27
Calculate the greatest common factor of 11 and 1903.
11
Calculate the greatest common divisor of 20 and 1960.
20
Calculate the highest common divisor of 160 and 820.
20
Calculate the greatest common divisor of 168 and 11508.
84
What is the highest common factor of 265 and 20?
5
Calculate the highest common factor of 12 and 165.
3
Calculate the highest common factor of 52 and 23036.
52
Calculate the highest common factor of 416 and 13.
13
What is the highest common divisor of 192 and 9536?
64
Calculate the highest common factor of 1008 and 77.
7
What is the highest common divisor of 3228 and 24?
12
What is the greatest common divisor of 10 and 110?
10
What is the greatest common divisor of 2041 and 157?
157
What is the highest common factor of 300 and 6225?
75
Calculate the highest common factor of 25 and 2075.
25
Calculate the greatest common factor of 981 and 144.
9
What is the highest common divisor of 76 and 52?
4
What is the highest common factor of 6688 and 114?
38
What is the greatest common factor of 408 and 102?
102
Calculate the greatest common factor of 19 and 13.
1
What is the greatest common divisor of 279 and 54?
9
Calculate the greatest common divisor of 243 and 51.
3
Calculate the highest common factor of 4 and 64.
4
What is the greatest common factor of 663 and 39?
39
Calculate the greatest common divisor of 3 and 3921.
3
What is the greatest common divisor of 34 and 2482?
34
What is the highest common factor of 8686 and 86?
86
Calculate the greatest common factor of 16572 and 12.
12
What is the highest common factor of 4 and 4364?
4
Calculate the greatest common factor of 59 and 43247.
59
Calculate the greatest common factor of 148 and 8.
4
Calculate the highest common divisor of 11535 and 15.
15
Calculate the highest common divisor of 56904 and 6.
6
What is the highest common factor of 253 and 184?
23
Wha